- 3*o**2 - 8*o - 2. What is the remainder when q(-4) is divided by f(-2)?
13
Suppose 42 = 2*m - 22. Suppose 0 = 4*j + 12, w - 2*j - 48 = -w. Let r = w + 72. What is the remainder when r is divided by m?
29
Let i = 229 - 179. Let c(x) = -x**3 - 7*x**2 - 4*x - 3. What is the remainder when c(-8) is divided by i?
43
Suppose -292*d + 102*d + 64790 = 0. What is the remainder when 1383 is divided by d?
19
Suppose 0 = -3*u - 5*d + 192, -2*u + 2*d = 4*d - 128. Suppose u*v = 1642 + 1238. Calculate the remainder when v is divided by (-110)/(-7) + (-4)/(-14).
13
Suppose 176*y - 157*y - 4949 = -826. Calculate the remainder when 879 is divided by y.
11
Suppose -10*d + 1164 = 2*d. Let a = 83 - 70. Calculate the remainder when d is divided by a.
6
Suppose -2*f = -5*p + 12653, 4*f = -3*p + 7181 + 442. What is the remainder when p is divided by 31?
22
Let m = -3 - -17. Let n be (6/(-7))/(m/(-98)). Suppose -3*i + 137 = 2*s - n*i, -5*s + 400 = 4*i. What is the remainder when s is divided by 13?
11
Suppose 3288 = 4*v - 4*p, -9845 - 865 = -13*v + p. What is the remainder when v is divided by 208?
200
Suppose -4*z = -5*u + 10, -3*u + 2 + 4 = 0. Suppose z = 106*b - 103*b - 27. Calculate the remainder when 26 is divided by b.
8
Suppose -4*x + 9*x + 765 = 22*x. What is the remainder when 3149 is divided by x?
44
Suppose 0 = -259*v + 264*v + 2*z - 23039, -v = -z - 4598. What is the remainder when v is divided by 47?
46
Let f = 13 + -8. Suppose -7*p + 5*p = 0. Suppose -h + 4 = h, -2*a + 3*h + 8 = p. What is the remainder when a is divided by f?
2
Let o = -52 - -86. Suppose 3*d + 3*p - 24 = 18, -d + 5*p - 10 = 0. What is the remainder when o is divided by d?
4
What is the remainder when (40/(-50))/(1/(-370)) is divided by 71?
12
Let c(a) = a - 197. Let v be c(0). Let y = v + 283. Calculate the remainder when y is divided by 28.
2
Suppose 2*v + 0*v - 72 = 0. Suppose -2*z - 7*z = -27. What is the remainder when v is divided by z?
0
Let q = -16 - -8. Calculate the remainder when 345 is divided by q/(-8) - (-53 - 4).
55
Let f be (-25)/(-9) - (-4)/18. Suppose -88 = -f*l - l. Calculate the remainder when l is divided by ((-72)/24 + 35/11)/((-11)/(-726)).
10
Let h(d) = d**3 - 16*d**2 + d - 13. Let m be h(16). Suppose m*v + 30 = 18*v. What is the remainder when 37 is divided by (5/(-2))/(v/(-12))?
7
Let j be 82/10 - 7/35. Let r = j - -6. Let l = r + -7. What is the remainder when 31 is divided by l?
3
Let k(w) = 11*w - 73. What is the remainder when (4/(-6))/(6/9702*-7) is divided by k(7)?
2
Suppose -2*i - 2*z + 996 = 0, -50*z + 51*z = 4. Calculate the remainder when i is divided by 15.
14
Let i = 11 - 3. Suppose 0 = -4*v - 5*l + 361, -5 = v - 2*l - 79. What is the remainder when (128/6)/4*v/16 is divided by i?
4
Let m be (-1 + 7)/(-1 + 21/12). Suppose 0 = -5*f + h + 20 + 44, -f - 5*h - m = 0. Calculate the remainder when 309 is divided by f.
9
Suppose 10*g = 9*g + 15. What is the remainder when (10/(-15))/((-28)/(-1218))*-1 is divided by g?
14
Let a = -18 - -49. Suppose -40*l = -54*l + 3164. Let n = l + -104. Calculate the remainder when n is divided by a.
29
Let b = 24380 + -24369. What is the remainder when 6885 is divided by b?
10
Calculate the remainder when 216 is divided by (-672 + 667)/((-4)/7 + 4/8).
6
What is the remainder when (244/10)/(-15 + 8270/550) is divided by 56?
55
Let z(t) = t**3 + 26*t**2 + 52*t + 59. Calculate the remainder when z(-22) is divided by 41.
31
Let k = 36 + 89. Suppose i + 2*b = 5 + 18, 5*b = -5. Suppose -198 = i*j - 723. Calculate the remainder when k is divided by j.
20
Suppose 0 = -269*t + 274*t - 15. Suppose -10*j = -14*j + 4*z + 208, 0 = -t*j + 4*z + 160. Calculate the remainder when 141 is divided by j.
45
Calculate the remainder when 406 is divided by (-30)/55 - (-15141)/231.
16
Let m = 7225 - 5799. Calculate the remainder when m is divided by 14.
12
Suppose 63*f = 64*f + 5*q - 113, q + 7 = 0. What is the remainder when 523 is divided by f?
79
Suppose -2*i + 5*n = i + 7, 0 = -i - 4*n + 9. Let d = i + 16. What is the remainder when d is divided by -2 - -12*(-10)/(-15)?
5
Let b = 349 + 337. Suppose -b + 2203 = 41*r. Calculate the remainder when 137 is divided by r.
26
Calculate the remainder when 1184 is divided by ((-6)/(-27) + 517/(-99))*(2 - 4).
4
Let r(m) = -11*m + 5 - 3 + 5*m**2 + 803*m**3 - 802*m**3. Calculate the remainder when 14 is divided by r(2).
6
Let k = 133 - 131. Suppose 0 = k*p - 199 - 79. Let f = p - 125. What is the remainder when 25 is divided by f?
11
Let o = 1313 - 1186. What is the remainder when 782 is divided by o?
20
Let v(n) = 2*n**2 + 72*n + 937. Calculate the remainder when v(-29) is divided by 200.
131
Let d = -4851 + 4972. What is the remainder when 2537 is divided by d?
117
Suppose -2*m - 4*g - 527 + 611 = 0, -4*m + g = -186. Calculate the remainder when 192 is divided by m.
8
Let s = 1 - 1. Suppose s*t + 102 = 2*t. Calculate the remainder when t is divided by (-14784)/(-572) - (-4)/26.
25
Let x = 803 - 489. Let t = 377 - x. What is the remainder when t is divided by 44?
19
Let p(a) be the first derivative of -a**4/4 - 4*a**3/3 + 3*a**2 - 10*a + 111. What is the remainder when p(-6) is divided by 7?
5
Suppose -53*f = j - 56*f - 4, 4*j - 26 = 2*f. What is the remainder when 214 is divided by j?
4
Calculate the remainder when 10 - 88056/(-48)*6 is divided by 212.
205
Let r(q) = -24*q**2 + q - 4. Let x be r(-3). Let v be 7/(-6 - (-357)/60). Let s = v - x. Calculate the remainder when s is divided by 21.
20
Let d be -3 - ((-1 - -3) + -93 - 3). Suppose 2*w + d = 3*c, -3*w = c - 1 - 11. What is the remainder when 48 is divided by c?
21
Let n = -1970 + 2831. Calculate the remainder when n is divided by 12.
9
Let i = -26 + 31. Let m(j) = 2*j**2 + 38*j - 12. Let f be m(9). What is the remainder when f/30 - (-4)/(-10) is divided by i?
1
Suppose 23*y - 17 = 52. What is the remainder when 423 is divided by (784/72 - y)*9?
68
Let j be (-1 - 4) + (-25)/(-5). Suppose j = -3*l + 5*l - 156. Suppose 10 - l = -4*d. What is the remainder when 33 is divided by d?
16
Let f = -15 - -68. Let a = -52140 - -52933. What is the remainder when a is divided by f?
51
Let b(g) = 2*g - 41. Let l be b(23). Suppose -52 = 3*o - 6*o - l*k, -3*k - 22 = -o. What is the remainder when 89 + (-2)/((-1)/1) is divided by o?
15
Let y(f) = 6*f**2 + 36*f - 24. What is the remainder when 249 is divided by y(-8)?
33
Let o(t) = -75*t + 212. Let j be o(8). Let z = j - -430. Suppose y = 10 - 1. Calculate the remainder when z is divided by y.
6
Let l = -1576 + 1688. What is the remainder when 439 is divided by l?
103
Let t(y) = y**3 + y + 3. Let r be t(0). Let o = r - 2. Calculate the remainder when 118 is divided by 12/(8/20*o).
28
Let d = 32 - 20. Suppose -v = v, -3*c + 3*v = -d. Suppose 3*t + c = -11, -4*t = 5*u - 15. Calculate the remainder when u is divided by 6.
1
Suppose -3*b - 197*d + 584 = -192*d, 2*d + 598 = 3*b. What is the remainder when b is divided by 40?
38
Let c(b) = 3*b - 3. Let i(q) = 44*q - 626. Let j be i(42). Let s = j - 1213. What is the remainder when c(5) is divided by s?
3
Suppose 142 = 5*f - f - 2*t, 0 = -5*f + 5*t + 165. Suppose -2*o + f = -10. Calculate the remainder when o is divided by 9.
6
Let h = 7530 + -7370. Suppose 4*a - 2 - 130 = 0. What is the remainder when h is divided by a?
28
Let x = -5825 + 6155. What is the remainder when x is divided by 27?
6
Suppose -196 = -3*j + 41. Let c(t) = -2*t**3 - 2*t**2 - 2*t + 14. Let b be c(-5). Suppose -20*q + 4*q = -b. What is the remainder when j is divided by q?
9
Let a = 399 + -395. Let t be (3 + -2 - -1) + 0. Suppose -3*g - t*g = -65. What is the remainder when g is divided by a?
1
Calculate the remainder when 2034/4*22/11 is divided by 128.
121
Calculate the remainder when 2883 is divided by (-2920)/(-1752)*222/5.
71
Suppose -4 = -4*j, -10*f - 2*j + 147 = -5*f. Suppose 25*v - f*v = -20. Calculate the remainder when 71 is divided by v.
1
Let n be 10/(-55) - 435/(-33). Suppose n*h - 6*h = 259. Let b = -368 + 378. Calculate the remainder when h is divided by b.
7
Let k = 383 - 371. What is the remainder when ((-34)/68)/(2/(-172)) is divided by k?
7
Suppose 2*h + 906 = 6*h - v, -3*h - 3*v = -672. Suppose -2*s - 94 = -2*a + s, -h = -5*a + 3*s. Calculate the remainder when a is divided